{"id":18,"date":"2023-11-15T11:14:32","date_gmt":"2023-11-15T10:14:32","guid":{"rendered":"https:\/\/volebnisrovnavac.freshcrackers.cz\/?page_id=18"},"modified":"2023-11-15T13:40:42","modified_gmt":"2023-11-15T12:40:42","slug":"prehled-politickych-stran","status":"publish","type":"page","link":"https:\/\/volebnisrovnavac.freshcrackers.cz\/?page_id=18","title":{"rendered":"Politick\u00e9 strany"},"content":{"rendered":"\t\t<div data-elementor-type=\"wp-page\" data-elementor-id=\"18\" class=\"elementor elementor-18\" data-elementor-post-type=\"page\">\n\t\t\t\t<div class=\"elementor-element elementor-element-273ce1e e-flex e-con-boxed e-con e-parent\" data-id=\"273ce1e\" data-element_type=\"container\" data-e-type=\"container\">\n\t\t\t\t\t<div class=\"e-con-inner\">\n\t\t\t\t<div class=\"elementor-element elementor-element-c6d9ed7 elementor-grid-3 elementor-grid-tablet-2 elementor-grid-mobile-1 elementor-posts--thumbnail-top elementor-widget elementor-widget-posts\" data-id=\"c6d9ed7\" data-element_type=\"widget\" data-e-type=\"widget\" data-settings=\"{&quot;classic_columns&quot;:&quot;3&quot;,&quot;classic_columns_tablet&quot;:&quot;2&quot;,&quot;classic_columns_mobile&quot;:&quot;1&quot;,&quot;classic_row_gap&quot;:{&quot;unit&quot;:&quot;px&quot;,&quot;size&quot;:35,&quot;sizes&quot;:[]},&quot;classic_row_gap_tablet&quot;:{&quot;unit&quot;:&quot;px&quot;,&quot;size&quot;:&quot;&quot;,&quot;sizes&quot;:[]},&quot;classic_row_gap_mobile&quot;:{&quot;unit&quot;:&quot;px&quot;,&quot;size&quot;:&quot;&quot;,&quot;sizes&quot;:[]}}\" data-widget_type=\"posts.classic\">\n\t\t\t\t<div class=\"elementor-widget-container\">\n\t\t\t\t\t\t\t<div class=\"elementor-posts-container elementor-posts elementor-posts--skin-classic elementor-grid\" role=\"list\">\n\t\t\t\t<article class=\"elementor-post elementor-grid-item post-110 post type-post status-publish format-standard hentry category-politicke-strany\" role=\"listitem\">\n\t\t\t\t<div class=\"elementor-post__text\">\n\t\t\t\t<h3 class=\"elementor-post__title\">\n\t\t\t<a href=\"https:\/\/volebnisrovnavac.freshcrackers.cz\/?p=110\" >\n\t\t\t\tOb\u010dansk\u00e1 demokratick\u00e1 strana\t\t\t<\/a>\n\t\t<\/h3>\n\t\t\t\t<div class=\"elementor-post__meta-data\">\n\t\t\t\t\t<span class=\"elementor-post-date\">\n\t\t\t15 listopadu, 2023\t\t<\/span>\n\t\t\t\t<span class=\"elementor-post-avatar\">\n\t\t\t\u017d\u00e1dn\u00e9 koment\u00e1\u0159e\t\t<\/span>\n\t\t\t\t<\/div>\n\t\t\t\t<div class=\"elementor-post__excerpt\">\n\t\t\t<p>Ob\u010dansk\u00e1 demokratick\u00e1 strana\u00a0(zkratka\u00a0ODS) je\u00a0\u010desk\u00e1\u00a0liber\u00e1ln\u011b konzervativn\u00ed\u00a0pravicov\u00e1\u00a0strana, vl\u00e1dn\u00ed v\u00a0letech\u00a01992\u20131997,\u00a02006\u20132009,\u00a02010\u20132013\u00a0a op\u011bt od prosince\u00a02021, v\u017edy jako nejsiln\u011bj\u0161\u00ed koali\u010dn\u00ed partner. S v\u00fdjimkou voleb v roce\u00a02013\u00a0byla ve v\u0161ech\u00a0volb\u00e1ch do Poslaneck\u00e9 sn\u011bmovny\u00a0Parlamentu<\/p>\n\t\t<\/div>\n\t\t\n\t\t<a class=\"elementor-post__read-more\" href=\"https:\/\/volebnisrovnavac.freshcrackers.cz\/?p=110\" aria-label=\"Read more about Ob\u010dansk\u00e1 demokratick\u00e1 strana\" tabindex=\"-1\" >\n\t\t\tZobrazit \u00bb\t\t<\/a>\n\n\t\t\t\t<\/div>\n\t\t\t\t<\/article>\n\t\t\t\t<article class=\"elementor-post elementor-grid-item post-103 post type-post status-publish format-standard hentry category-politicke-strany\" role=\"listitem\">\n\t\t\t\t<div class=\"elementor-post__text\">\n\t\t\t\t<h3 class=\"elementor-post__title\">\n\t\t\t<a href=\"https:\/\/volebnisrovnavac.freshcrackers.cz\/?p=103\" >\n\t\t\t\tOstravak\t\t\t<\/a>\n\t\t<\/h3>\n\t\t\t\t<div class=\"elementor-post__meta-data\">\n\t\t\t\t\t<span class=\"elementor-post-date\">\n\t\t\t15 listopadu, 2023\t\t<\/span>\n\t\t\t\t<span class=\"elementor-post-avatar\">\n\t\t\t\u017d\u00e1dn\u00e9 koment\u00e1\u0159e\t\t<\/span>\n\t\t\t\t<\/div>\n\t\t\t\t<div class=\"elementor-post__excerpt\">\n\t\t\t<p>Ostravak\u00a0je ostravsk\u00e9 politick\u00e9 hnut\u00ed,[4]\u00a0kter\u00e9 vzniklo t\u011bsn\u011b p\u0159ed\u00a0volbami 2010\u00a0do obecn\u00edho zastupitelstva z d\u016fvodu: \u201eklientelismu,\u00a0arogance\u00a0moci, neodbornosti, nerespektov\u00e1n\u00ed\u00a0pr\u00e1va, ne\u00fa\u010deln\u00e9ho a nehospod\u00e1rn\u00e9ho nakl\u00e1d\u00e1n\u00ed s ostravsk\u00fdm majetkem\u201c.[5]\u00a0Ostravak hnut\u00ed ob\u010dan\u016f vzniklo<\/p>\n\t\t<\/div>\n\t\t\n\t\t<a class=\"elementor-post__read-more\" href=\"https:\/\/volebnisrovnavac.freshcrackers.cz\/?p=103\" aria-label=\"Read more about Ostravak\" tabindex=\"-1\" >\n\t\t\tZobrazit \u00bb\t\t<\/a>\n\n\t\t\t\t<\/div>\n\t\t\t\t<\/article>\n\t\t\t\t<article class=\"elementor-post elementor-grid-item post-101 post type-post status-publish format-standard hentry category-politicke-strany\" role=\"listitem\">\n\t\t\t\t<div class=\"elementor-post__text\">\n\t\t\t\t<h3 class=\"elementor-post__title\">\n\t\t\t<a href=\"https:\/\/volebnisrovnavac.freshcrackers.cz\/?p=101\" >\n\t\t\t\tKDU-\u010cSL\t\t\t<\/a>\n\t\t<\/h3>\n\t\t\t\t<div class=\"elementor-post__meta-data\">\n\t\t\t\t\t<span class=\"elementor-post-date\">\n\t\t\t15 listopadu, 2023\t\t<\/span>\n\t\t\t\t<span class=\"elementor-post-avatar\">\n\t\t\t\u017d\u00e1dn\u00e9 koment\u00e1\u0159e\t\t<\/span>\n\t\t\t\t<\/div>\n\t\t\t\t<div class=\"elementor-post__excerpt\">\n\t\t\t\t\t<\/div>\n\t\t\n\t\t<a class=\"elementor-post__read-more\" href=\"https:\/\/volebnisrovnavac.freshcrackers.cz\/?p=101\" aria-label=\"Read more about KDU-\u010cSL\" tabindex=\"-1\" >\n\t\t\tZobrazit \u00bb\t\t<\/a>\n\n\t\t\t\t<\/div>\n\t\t\t\t<\/article>\n\t\t\t\t<article class=\"elementor-post elementor-grid-item post-96 post type-post status-publish format-standard hentry category-politicke-strany\" role=\"listitem\">\n\t\t\t\t<div class=\"elementor-post__text\">\n\t\t\t\t<h3 class=\"elementor-post__title\">\n\t\t\t<a href=\"https:\/\/volebnisrovnavac.freshcrackers.cz\/?p=96\" >\n\t\t\t\tKomunistick\u00e1 strana \u010cech a Moravy\t\t\t<\/a>\n\t\t<\/h3>\n\t\t\t\t<div class=\"elementor-post__meta-data\">\n\t\t\t\t\t<span class=\"elementor-post-date\">\n\t\t\t15 listopadu, 2023\t\t<\/span>\n\t\t\t\t<span class=\"elementor-post-avatar\">\n\t\t\t\u017d\u00e1dn\u00e9 koment\u00e1\u0159e\t\t<\/span>\n\t\t\t\t<\/div>\n\t\t\t\t<div class=\"elementor-post__excerpt\">\n\t\t\t\t\t<\/div>\n\t\t\n\t\t<a class=\"elementor-post__read-more\" href=\"https:\/\/volebnisrovnavac.freshcrackers.cz\/?p=96\" aria-label=\"Read more about Komunistick\u00e1 strana \u010cech a Moravy\" tabindex=\"-1\" >\n\t\t\tZobrazit \u00bb\t\t<\/a>\n\n\t\t\t\t<\/div>\n\t\t\t\t<\/article>\n\t\t\t\t<article class=\"elementor-post elementor-grid-item post-91 post type-post status-publish format-standard hentry category-politicke-strany\" role=\"listitem\">\n\t\t\t\t<div class=\"elementor-post__text\">\n\t\t\t\t<h3 class=\"elementor-post__title\">\n\t\t\t<a href=\"https:\/\/volebnisrovnavac.freshcrackers.cz\/?p=91\" >\n\t\t\t\tSvobodn\u00ed\t\t\t<\/a>\n\t\t<\/h3>\n\t\t\t\t<div class=\"elementor-post__meta-data\">\n\t\t\t\t\t<span class=\"elementor-post-date\">\n\t\t\t15 listopadu, 2023\t\t<\/span>\n\t\t\t\t<span class=\"elementor-post-avatar\">\n\t\t\t\u017d\u00e1dn\u00e9 koment\u00e1\u0159e\t\t<\/span>\n\t\t\t\t<\/div>\n\t\t\t\t<div class=\"elementor-post__excerpt\">\n\t\t\t\t\t<\/div>\n\t\t\n\t\t<a class=\"elementor-post__read-more\" href=\"https:\/\/volebnisrovnavac.freshcrackers.cz\/?p=91\" aria-label=\"Read more about Svobodn\u00ed\" tabindex=\"-1\" >\n\t\t\tZobrazit \u00bb\t\t<\/a>\n\n\t\t\t\t<\/div>\n\t\t\t\t<\/article>\n\t\t\t\t<article class=\"elementor-post elementor-grid-item post-88 post type-post status-publish format-standard hentry category-politicke-strany\" role=\"listitem\">\n\t\t\t\t<div class=\"elementor-post__text\">\n\t\t\t\t<h3 class=\"elementor-post__title\">\n\t\t\t<a href=\"https:\/\/volebnisrovnavac.freshcrackers.cz\/?p=88\" >\n\t\t\t\tTOP 09\t\t\t<\/a>\n\t\t<\/h3>\n\t\t\t\t<div class=\"elementor-post__meta-data\">\n\t\t\t\t\t<span class=\"elementor-post-date\">\n\t\t\t15 listopadu, 2023\t\t<\/span>\n\t\t\t\t<span class=\"elementor-post-avatar\">\n\t\t\t\u017d\u00e1dn\u00e9 koment\u00e1\u0159e\t\t<\/span>\n\t\t\t\t<\/div>\n\t\t\t\t<div class=\"elementor-post__excerpt\">\n\t\t\t\t\t<\/div>\n\t\t\n\t\t<a class=\"elementor-post__read-more\" href=\"https:\/\/volebnisrovnavac.freshcrackers.cz\/?p=88\" aria-label=\"Read more about TOP 09\" tabindex=\"-1\" >\n\t\t\tZobrazit \u00bb\t\t<\/a>\n\n\t\t\t\t<\/div>\n\t\t\t\t<\/article>\n\t\t\t\t<article class=\"elementor-post elementor-grid-item post-86 post type-post status-publish format-standard hentry category-politicke-strany\" role=\"listitem\">\n\t\t\t\t<div class=\"elementor-post__text\">\n\t\t\t\t<h3 class=\"elementor-post__title\">\n\t\t\t<a href=\"https:\/\/volebnisrovnavac.freshcrackers.cz\/?p=86\" >\n\t\t\t\tTrikolora\t\t\t<\/a>\n\t\t<\/h3>\n\t\t\t\t<div class=\"elementor-post__meta-data\">\n\t\t\t\t\t<span class=\"elementor-post-date\">\n\t\t\t15 listopadu, 2023\t\t<\/span>\n\t\t\t\t<span class=\"elementor-post-avatar\">\n\t\t\t\u017d\u00e1dn\u00e9 koment\u00e1\u0159e\t\t<\/span>\n\t\t\t\t<\/div>\n\t\t\t\t<div class=\"elementor-post__excerpt\">\n\t\t\t\t\t<\/div>\n\t\t\n\t\t<a class=\"elementor-post__read-more\" href=\"https:\/\/volebnisrovnavac.freshcrackers.cz\/?p=86\" aria-label=\"Read more about Trikolora\" tabindex=\"-1\" >\n\t\t\tZobrazit \u00bb\t\t<\/a>\n\n\t\t\t\t<\/div>\n\t\t\t\t<\/article>\n\t\t\t\t<\/div>\n\t\t\n\t\t\t\t\t\t<\/div>\n\t\t\t\t<\/div>\n\t\t\t\t\t<\/div>\n\t\t\t\t<\/div>\n\t\t\t\t<\/div>\n\t\t","protected":false},"excerpt":{"rendered":"","protected":false},"author":2,"featured_media":0,"parent":0,"menu_order":0,"comment_status":"closed","ping_status":"closed","template":"","meta":{"footnotes":""},"class_list":["post-18","page","type-page","status-publish","hentry"],"_links":{"self":[{"href":"https:\/\/volebnisrovnavac.freshcrackers.cz\/index.php?rest_route=\/wp\/v2\/pages\/18","targetHints":{"allow":["GET"]}}],"collection":[{"href":"https:\/\/volebnisrovnavac.freshcrackers.cz\/index.php?rest_route=\/wp\/v2\/pages"}],"about":[{"href":"https:\/\/volebnisrovnavac.freshcrackers.cz\/index.php?rest_route=\/wp\/v2\/types\/page"}],"author":[{"embeddable":true,"href":"https:\/\/volebnisrovnavac.freshcrackers.cz\/index.php?rest_route=\/wp\/v2\/users\/2"}],"replies":[{"embeddable":true,"href":"https:\/\/volebnisrovnavac.freshcrackers.cz\/index.php?rest_route=%2Fwp%2Fv2%2Fcomments&post=18"}],"version-history":[{"count":5,"href":"https:\/\/volebnisrovnavac.freshcrackers.cz\/index.php?rest_route=\/wp\/v2\/pages\/18\/revisions"}],"predecessor-version":[{"id":107,"href":"https:\/\/volebnisrovnavac.freshcrackers.cz\/index.php?rest_route=\/wp\/v2\/pages\/18\/revisions\/107"}],"wp:attachment":[{"href":"https:\/\/volebnisrovnavac.freshcrackers.cz\/index.php?rest_route=%2Fwp%2Fv2%2Fmedia&parent=18"}],"curies":[{"name":"wp","href":"https:\/\/api.w.org\/{rel}","templated":true}]}}